{"id":120,"date":"2022-05-27T07:29:38","date_gmt":"2022-05-27T05:29:38","guid":{"rendered":"http:\/\/www.laneocastelane.ch\/?page_id=120"},"modified":"2022-05-30T09:13:26","modified_gmt":"2022-05-30T07:13:26","slug":"un-plaisir-pour-tous-une-opportunite-pour-chacun","status":"publish","type":"page","link":"https:\/\/www.laneocastelane.ch\/","title":{"rendered":"Un Plaisir pour tous, une Opportunit\u00e9 pour chacun"},"content":{"rendered":"\n<p class=\"has-medium-font-size\">Contrairement \u00e0 un bon nombre d&#8217;applications mobiles qui se concentrent sur un service ou un produit sp\u00e9cifique,<strong> La Neocastelane<\/strong> a pour objectif de devenir un outil de communication sociale, g\u00e9n\u00e9raliste et participatif.<\/p>\n\n\n\n<p class=\"has-medium-font-size\">Nous sommes port\u00e9s par la conviction qu&#8217;une spirale vertueuse est \u00e0 port\u00e9e d&#8217;application en conjuguant :<\/p>\n\n\n\n<ul class=\"has-medium-font-size wp-block-list\"><li>les activit\u00e9s du monde associatif,<\/li><li>l&#8217;int\u00e9r\u00eat \u00e0 la valorisation patrimoniale et culturelle,<\/li><li>le dynamisme du commerce de proximit\u00e9<\/li><li>et le rayonnement de nos fleurons \u00e9conomiques et industriels.<\/li><\/ul>\n\n\n\n<p class=\"has-medium-font-size\">L&#8217;application se veut \u00eatre un lieu ouvert aux propositions et aux th\u00e9matiques de chacun.<\/p>\n\n\n\n<p class=\"has-medium-font-size\">Nous nous attachons \u00e0 d\u00e9velopper des contenus attractifs et int\u00e9ressants. Mais nous sommes persuad\u00e9s que ce seront les pierres que vous apporterez \u00e0 l&#8217;\u00e9difice, qui seront les plus prestigieuses !\u00a0 <\/p>\n\n\n\n<p class=\"has-medium-font-size\">N&#8217;h\u00e9sitez pas \u00e0 nous soumettre vos id\u00e9es et vos propositions !<\/p>\n","protected":false},"excerpt":{"rendered":"<p>Contrairement \u00e0 un bon nombre d&#8217;applications mobiles qui se concentrent sur un service ou un produit sp\u00e9cifique, La Neocastelane a pour objectif de devenir un outil de communication sociale, g\u00e9n\u00e9raliste et participatif. Nous sommes port\u00e9s par la conviction qu&#8217;une spirale vertueuse est \u00e0 port\u00e9e d&#8217;application&nbsp;<a class=\"read-more\" href=\"https:\/\/www.laneocastelane.ch\/\">&hellip;<\/a><\/p>\n","protected":false},"author":1,"featured_media":0,"parent":0,"menu_order":0,"comment_status":"closed","ping_status":"closed","template":"","meta":{"footnotes":""},"class_list":["post-120","page","type-page","status-publish","hentry"],"_links":{"self":[{"href":"https:\/\/www.laneocastelane.ch\/index.php\/wp-json\/wp\/v2\/pages\/120","targetHints":{"allow":["GET"]}}],"collection":[{"href":"https:\/\/www.laneocastelane.ch\/index.php\/wp-json\/wp\/v2\/pages"}],"about":[{"href":"https:\/\/www.laneocastelane.ch\/index.php\/wp-json\/wp\/v2\/types\/page"}],"author":[{"embeddable":true,"href":"https:\/\/www.laneocastelane.ch\/index.php\/wp-json\/wp\/v2\/users\/1"}],"replies":[{"embeddable":true,"href":"https:\/\/www.laneocastelane.ch\/index.php\/wp-json\/wp\/v2\/comments?post=120"}],"version-history":[{"count":2,"href":"https:\/\/www.laneocastelane.ch\/index.php\/wp-json\/wp\/v2\/pages\/120\/revisions"}],"predecessor-version":[{"id":166,"href":"https:\/\/www.laneocastelane.ch\/index.php\/wp-json\/wp\/v2\/pages\/120\/revisions\/166"}],"wp:attachment":[{"href":"https:\/\/www.laneocastelane.ch\/index.php\/wp-json\/wp\/v2\/media?parent=120"}],"curies":[{"name":"wp","href":"https:\/\/api.w.org\/{rel}","templated":true}]}}